the highest common factor of 5 and j?
5
Suppose 5*u = -7*x + 4*x + 71, -4*u + 55 = 3*x. Suppose 4*f - 2*f = u. What is the greatest common divisor of f and 8?
8
Let u(l) = l + 27. Let f be u(6). Calculate the highest common divisor of 3 and f.
3
Let z(g) = 105*g - 3. Let y be z(1). Calculate the highest common divisor of y and 136.
34
Suppose -5*b + 6 = w + 14, -3*w - 12 = 3*b. Let m = 13 - w. What is the greatest common factor of 48 and m?
16
Let j = 2 + -1. Let r be 24 + 0/(j - 0). What is the highest common factor of r and 3?
3
Let q(p) = 6*p**3 + p**2 - 2*p + 1. Let y be q(1). Calculate the greatest common divisor of y and 9.
3
Let p be 3/(-9)*0 - 1. Let b be (p + 3/6)*-42. Calculate the highest common divisor of 3 and b.
3
Let o(n) = n**2 + 4*n + 3. Suppose -15 = 5*f + 5. Let t be o(f). Calculate the highest common divisor of 1 and t.
1
Let r = -17 - -8. Let o be (6/r)/(2/(-6)). Let z be 2/o*1/1. What is the highest common divisor of z and 3?
1
Suppose 4*q + 8 = 8*q. Suppose -3*i + 2*p + 18 = p, -2*p - 12 = -q*i. Calculate the greatest common divisor of 9 and i.
3
Let w = -135 - -311. Let l be (-4 - -7 - 4)/((-3)/48). What is the highest common factor of l and w?
16
Let n(t) = t**2 + 8*t - 3. Let u be n(-9). Suppose -5*f = 4*a - 18 - 21, 2*f + 4*a = u. What is the greatest common factor of f and 11?
11
Suppose -3*j + 2 = -13. Suppose -56 = -j*b + 3*x, b + x - 18 = 5*x. What is the greatest common factor of b and 4?
2
Suppose -4*v - 5*h = -54, -v + 11 + 3 = h. Calculate the highest common divisor of 56 and v.
8
Let q = 62 - 6. Calculate the greatest common factor of 14 and q.
14
Let i be 4/14 - (-30)/(-7). Let q = i + 6. Calculate the greatest common factor of 3 and q.
1
Suppose 0 = -q + 19 - 4. Let u = 60 - q. Calculate the greatest common divisor of 5 and u.
5
Suppose 34 = 2*a + 2*n - 3*n, 0 = 5*a - 4*n - 91. Calculate the greatest common factor of 165 and a.
15
Suppose -5*o + 84 = 4*x + 7, -38 = -x - 5*o. Suppose 0*u + 271 = 3*u - d, -3*d + 279 = 3*u. What is the highest common divisor of u and x?
13
Let q = 14 - 9. What is the greatest common factor of q and 25?
5
Let x(b) = b**2 + 3*b - 3. Let v be x(-4). Let n be -1*14/(-4)*2. Calculate the highest common factor of n and v.
1
Let p be (28/10 + -2)/((-4)/(-70)). Calculate the highest common factor of p and 56.
14
Suppose 6*t - 13 = 107. Calculate the greatest common divisor of 160 and t.
20
Let t be (-3)/(3/8)*(-56)/16. Calculate the highest common divisor of t and 4.
4
Let o(a) = 14*a**2 - a. Let d be o(1). Calculate the highest common divisor of 65 and d.
13
Suppose 12*z - 13*z = -66. Calculate the greatest common factor of z and 22.
22
Suppose 0*g = 2*g - 60. Let a = 190 + -178. Calculate the greatest common factor of a and g.
6
Let o be (-1 + 0)*(-1 - -4). Let k be 71 - o/(-4 - -1). Calculate the greatest common divisor of k and 10.
10
Let k be 2/5*(-1 - 105/(-5)). What is the highest common factor of 8 and k?
8
Let u be (9/(-6))/((-6)/16). What is the greatest common factor of 20 and u?
4
Let v(z) be the first derivative of z**4/4 - 4*z**3/3 + 3*z**2/2 + 4*z - 4. Let i be v(4). What is the greatest common divisor of 112 and i?
16
Let z = 14 + -7. Suppose 5*a - z - 8 = 0. Suppose -3*l + n + 2*n + 15 = 0, n - a = -l. What is the highest common factor of l and 16?
4
Let x = -8 + 14. What is the greatest common factor of x and 2?
2
Let j(f) = f**3 + 8*f**2 - f - 41. Let u be j(-7). Let z(d) = 15*d. Let c be z(3). Calculate the highest common factor of c and u.
15
Suppose -6*j + 3*j = -42. Suppose 0 = 2*q + 2*q + 8. Let u = q + 4. What is the greatest common divisor of j and u?
2
Let b(x) = -x**3 - 3*x**2 + 2. Let d be b(-4). Let s be 366/d - (-1)/(-3). Let u = 9 - 1. What is the greatest common factor of u and s?
4
Let f(a) = a**3 - 3*a**2 - 2*a**3 - 2*a + 5*a**3 + a**2 + 2. Let r be f(2). What is the highest common divisor of r and 88?
22
Let u = -21 - -34. Suppose -k + 12 = -14. What is the greatest common divisor of k and u?
13
Let z = 10 - 8. Suppose -z*s - l + 20 = -5*l, l + 75 = 4*s. What is the highest common divisor of s and 10?
10
Let u(a) = 5*a**2. Let z be u(3). Let l = 12 + -3. What is the highest common factor of z and l?
9
Suppose b + 0*b = 5*d + 22, 18 = b - 3*d. Let h = 10 - -38. Calculate the highest common divisor of h and b.
12
Let c(d) = -d**3 + 4*d + 24. Let i be c(0). Calculate the greatest common factor of 24 and i.
24
Let c = -14 - -47. Calculate the highest common divisor of 11 and c.
11
Suppose -16 = 2*x - 5*i, 11*x - 6 = 6*x + i. Calculate the highest common divisor of 1 and x.
1
Suppose 14*v + 855 = 19*v. Calculate the highest common factor of v and 19.
19
Let x = 5 + 19. What is the highest common divisor of x and 8?
8
Let x be 402/(-78) - 4/(-26). Let y be (12/(-10))/(x/50). Let b(l) = -l**3 + l**2 + l + 18. Let n be b(0). What is the highest common factor of n and y?
6
Suppose 2*y + 3*x = -y + 63, -y = -x - 11. Calculate the greatest common divisor of y and 24.
8
Let i = 102 - 64. What is the greatest common divisor of 19 and i?
19
Suppose 2*o + 3*r = 7*r + 18, 0 = -2*o + r + 12. Suppose -5 = -y + 15. What is the highest common factor of o and y?
5
Suppose -2*x = -2*v + 30, 4*x - 80 = -0*v - 3*v. Let w(d) = 4*d + 220. Let b be w(0). Calculate the highest common factor of b and v.
20
Suppose 66 + 22 = -b. Let y = 143 + b. Calculate the greatest common factor of 22 and y.
11
Let z be 4/20 - (117/(-15) - -2). Let w(r) = -2*r + 2. Let d be w(-5). What is the highest common factor of d and z?
6
Let h be (54 - 13) + (-3)/(-1). What is the greatest common divisor of h and 11?
11
Let n be (24/(-14))/(11/(-1001)). Suppose -2*w + 4*w = -3*j + n, -5*j - 5*w = -255. What is the highest common factor of 6 and j?
6
Suppose 5*i + 2*g + 2*g + 1 = 0, -27 = -5*i + 3*g. Let f = i + 0. What is the greatest common divisor of 1 and f?
1
Let o be 0*((-2)/(-4) + -1). Suppose 158 = 3*k + 2*h, -h + o = -4. Suppose -k = 3*l - 4*l. Calculate the greatest common factor of l and 20.
10
Suppose -d - d - 3*m = -47, 4*m = -20. Calculate the highest common divisor of 124 and d.
31
Let c be 4/(-2) + 8 + -1. Let i be (-8)/(-12)*(1 + 59). What is the highest common factor of i and c?
5
Let l(f) = 10*f**2 - 2. Let a be l(2). Suppose 0 = 4*h + 2*v - a, -h + 5*v + 2 = 3*v. Calculate the greatest common divisor of h and 8.
8
Suppose 0*h + 5*h - 23 = -4*x, -2*h = -3*x. Suppose x*m = m + 47. Suppose 14 - m = -3*a. Calculate the highest common divisor of 55 and a.
11
Let z(k) = -2*k**2 + 4*k - 3. Let b be z(3). Let q(h) = -h - 4. Let p be q(b). Suppose 17 = p*i - 18. What is the greatest common divisor of i and 56?
7
Suppose -5*f + 7 = -3. Suppose f*x = -x + 132. Let g be 492/x + 2/(-11). What is the highest common factor of 11 and g?
11
Suppose 0 = l + 2*l - 456. Suppose -5*o + 95 = -0*o. What is the greatest common factor of l and o?
19
Let v be ((-12)/18)/((-6)/9). Let w(a) = -a**2 - 7*a - 5. Let k be w(-6). Calculate the greatest common divisor of k and v.
1
Let l = 436 - 161. What is the greatest common factor of l and 25?
25
Suppose 4*d - 46 = 42. Suppose 2*a + 2*a - 8 = 0. Suppose -5*f = -277 + a. What is the highest common factor of f and d?
11
Let l(o) = -65*o**3 - 2*o**2 + o + 2. Let d be l(-1). Calculate the highest common divisor of 8 and d.
8
Let n = 83 + -55. What is the greatest common factor of n and 28?
28
Let l = -4 + 6. Let g be (128/(-20))/(l/(-55)). Calculate the greatest common divisor of 16 and g.
16
Let z be -20*(3 - (-54)/(-15)). Let i = 3 - 0. Calculate the highest common factor of i and z.
3
Suppose 4*t + 14 = o, 0 = -4*t + 12 + 4. What is the greatest common factor of 6 and o?
6
Suppose -2*o = o - 324. Let b be 2 + (-1 + 8)*3. Let j = 35 - b. What is the greatest common factor of o and j?
12
Let m be 3 - 3/((-9)/(-6)). Let w be 7 + (0/m - 0). Suppose -2*c = w - 29. What is the greatest common divisor of 11 and c?
11
Let t(m) = 19*m**3 - m**2 + 5*m - 5. Let v be t(1). Calculate the greatest common factor of v and 162.
18
Suppose h + 48 = -3*h. Let w = h + 22. Suppose -4*p + 2*f + 38 = 0, -p - 23 + w = -5*f. Calculate the highest common factor of p and 132.
12
Let q be -2 - (-1 + -1 - 17). Let b = q + 15. Let r(a) = a**2 + a + 4. Let y be r(0). What is the greatest 